3, 1117
Suppose 1757 = -4*t + 17229. Let s = t - 2297. What are the prime factors of s?
1571
Suppose 57*f - 995392 = -149*f. What are the prime factors of f?
2, 151
Suppose -5*b + 8*s = 13*s - 469390, 2*s = -8*b + 751006. List the prime factors of b.
5, 751
Suppose -2*m + 0*h = h - 2845, m + 5*h = 1436. Suppose 3*b - c = m, -1417 = -3*b + 4*c - 5*c. Let v = b + -225. List the prime factors of v.
2, 31
Let l = 462 + -457. Suppose 0 = 2*p + 3*v - 0*v - 744, l*p = 5*v + 1835. List the prime factors of p.
3, 41
What are the prime factors of (-18069320)/(-3335) - 4/46?
2, 3, 7, 43
Let g = 28969 + -19068. List the prime factors of g.
9901
Let i be -2*(-3 - (3 - 4)*2). Let r(o) = 61*o**3 + o**2. List the prime factors of r(i).
2, 3, 41
Let x(y) be the second derivative of -8*y**5/5 + 5*y**4/12 - 5*y**3/6 - 6*y**2 - y - 51. What are the prime factors of x(-2)?
2, 137
Suppose 3*i - 7*v - 151 = -3*v, -4*i + 5*v + 202 = 0. List the prime factors of (i/2)/(13/26).
53
Let x(d) = -8*d - 14. Let t(v) = v + 1. Let z(w) = -w**3 - 5*w**2 + 3*w + 2. Let k be z(-6). Let j(n) = k*t(n) + 2*x(n). List the prime factors of j(12).
2, 5
Let z(r) = r**2 - 12*r - 38. Let q(v) = -v**2 + 13*v + 37. Let m(a) = -4*q(a) - 3*z(a). Let s be m(20). Let k = s + -35. What are the prime factors of k?
11
Suppose -4*f = 202 + 38. Let t be 10/(-3)*f/40. Suppose z + 78 = s, t*s = 2*z - 0*z + 402. What are the prime factors of s?
2, 41
Suppose -24 = -71*n + 79*n. What are the prime factors of (188/n)/(8/(-108))?
2, 3, 47
Let j = 3837 - 2785. List the prime factors of j.
2, 263
Suppose 0 = 186*b - 183*b - u - 7762, 0 = 4*u - 20. What are the prime factors of b?
3, 863
Let n = 73724 - 37573. List the prime factors of n.
36151
Let b(m) = m**3 - 20*m**2 - 37*m - 44. Let a be b(18). Let i = -954 - a. What are the prime factors of i?
2, 101
What are the prime factors of (12/9 + 0)*(-19)/((-684)/462483)?
7, 2447
Suppose 1884 = -2*z + 5*r + 30997, -3*z = -4*r - 43673. List the prime factors of z.
3, 23, 211
Suppose -16*n + 10 = -54. Suppose -6*g + 3*g = -6, -4*g = -n*a + 1992. What are the prime factors of a?
2, 5
Let d(j) = 141*j**2 + 360*j + 2. List the prime factors of d(-11).
13103
Let q = 48909 - 34075. What are the prime factors of q?
2, 7417
Let k(m) = -23*m + 46. Suppose 4*s + 37 = 5*b - 51, -s + 5*b = 22. List the prime factors of k(s).
2, 3, 23
Let n(x) = x**2 + 14*x + 63. Let r be n(-8). Suppose -r*b - b = -21024. What are the prime factors of b?
2, 3, 73
Suppose -10*s = -5*s - 15. Suppose 46 = s*i - 185. Let f = i - -2. What are the prime factors of f?
79
Let k be 11/4 - (-36)/144. Suppose 3*l + k*i = 1638, 6*i - 2744 = -5*l + 8*i. What are the prime factors of l?
2, 137
Suppose 0 = 5*r + 25, 4*t = r - 0*r - 7. List the prime factors of (t + 4)*(153 + 4).
157
What are the prime factors of 388656/108*(-6)/(-8)?
2699
Let m = -70 - -71. Let l be (1 - 0/(-4))*m. What are the prime factors of (l*15/6 - 2)*118?
59
Suppose -3*l + 2*l - 14 = b, -4*l + 58 = -2*b. Let t = 853 - b. What are the prime factors of t?
2, 109
Suppose 810 = -25*d + 27*d. What are the prime factors of d*((-5)/15 - -1)?
2, 3, 5
Let h = -43264 - -62664. List the prime factors of h.
2, 5, 97
Let a be (480/(-75))/((-2)/895). Suppose -4*r - 2*t = -a, 0*r - 4*r + 2866 = 3*t. List the prime factors of r.
5, 11, 13
Let f = 17071 + -9060. List the prime factors of f.
8011
Let h(j) = 5718*j + 1251. List the prime factors of h(5).
3, 7, 29
Let d be (-2)/7*(-280)/20. Suppose 2*b - 786 = l, l + 1572 = d*b + 4*l. Suppose -m + 377 = 5*r - b, 3*r - 462 = -3*m. List the prime factors of r.
2, 7, 11
Suppose 0 = 15*f - 9604 - 114386. What are the prime factors of f?
2, 4133
Let f be (-897)/1196*(1 - 0 - 41). Let u(h) = 15*h + 83. What are the prime factors of u(f)?
13, 41
Let h(m) = 438*m - 33. Let g be h(1). Suppose -4*p + 0*p = -1096. Suppose -g = -3*t + 3*o, 2*t - 4*o - p = -0*o. What are the prime factors of t?
7, 19
Suppose -741*w = -742*w + 1, 2*w = 5*f - 153763. What are the prime factors of f?
3, 17, 67
Suppose -56*p = -43*p - 3250. List the prime factors of p.
2, 5
Let u(l) = -18*l**3 - 5*l**2 + 9*l - 49. Let v be u(-8). Suppose -v = 3*q - 12*q. What are the prime factors of q?
3, 5, 13
Let l be ((-20)/5)/((-3)/(-48)*-1). Suppose -57*j - 7609 = -l*j. What are the prime factors of j?
1087
Let g(z) be the second derivative of z**3/3 + 399*z**2/2 + 6*z - 2. List the prime factors of g(0).
3, 7, 19
Let j(a) = 7*a**3 + 31*a**2 + 37*a - 16. Let q(v) = -6*v**3 - 30*v**2 - 35*v + 15. Let s(z) = -5*j(z) - 6*q(z). List the prime factors of s(-23).
11, 43
Let l be (0/(4/2))/(-1 - 1). Let h(x) = 3*x + 51. Let d be h(0). Suppose l = d*v - 50*v - 120. List the prime factors of v.
2, 3, 5
Let s(q) = 417*q**3 - 2*q**2 - q. Let b be s(1). Suppose o + 21*h = 22*h + b, 2*o = -3*h + 808. What are the prime factors of o?
2, 5, 41
Let n(u) = -u**3 + 21*u**2 - 43*u + 92. Let g be n(19). List the prime factors of (4332/48 - 4)/(g/(-8)).
2, 5, 23
Suppose 13 = 2*y + 3*r, -2*r = 6*y - 4*y - 12. Suppose -6*q + 7*q - y*m = 999, -2*q - m = -1943. List the prime factors of q.
2, 487
Let x(v) = 6*v + 5 + 9*v + 11*v - 29*v. Let i be x(-17). Let y = i - -10. List the prime factors of y.
2, 3, 11
Suppose -b + 464 = 3*p, 8*p - 597 = 4*p + 3*b. Suppose -4*o + 20 = 0, 5*h - o - p - 597 = 0. What are the prime factors of h?
151
Let j be 0/(-27) + 3/((-3)/(-2)). List the prime factors of (((-44)/11)/4)/(j/(-1270)).
5, 127
Suppose -15074 = -13*h + 22834. List the prime factors of h.
2, 3
Let v(r) = 54*r + 1031. What are the prime factors of v(60)?
4271
Let x = 66 - 60. Suppose -27 = -3*h - x. List the prime factors of (-48 - h)*2/(-2).
5, 11
Suppose -3*f + 4*a - 11 = 0, -5*a - 2 = -3*a. Let b(x) = 104*x**2 - x**3 + x - 7*x - 107*x**2 - 6. List the prime factors of b(f).
2, 37
Let t = 20807 + -2288. What are the prime factors of t?
3, 6173
Let q(k) be the first derivative of k + 1/3*k**3 - 3/2*k**2 + 31. What are the prime factors of q(-4)?
29
Suppose -27*w + 86972 - 31796 = -5*w. List the prime factors of w.
2, 3, 11, 19
Let l = -43 - -84. Suppose -l*b + 3807 + 14971 = 0. List the prime factors of b.
2, 229
List the prime factors of 3/((-36)/(-104763)) + 15/100*5.
8731
Let f be 2/(-4) - (-5)/10 - -4. Suppose -f*k - 2*o + o = -3264, -2*o + 8 = 0. List the prime factors of k.
5, 163
What are the prime factors of 94*(-686)/(-8)*(14 + 24/(-2))?
7, 47
Suppose -241 = -5*n + 14. Let v = n + -48. Suppose -v*y = 2*t - 6*y - 21, t - 2*y = 8. List the prime factors of t.
2, 3
Let b(x) = -60*x - 4. Let z be b(1). Let a = 86 + z. Suppose 54 = 4*u + a. What are the prime factors of u?
2
Suppose -47874 = -4*o + 159*l - 164*l, 5*o - 59868 = -2*l. What are the prime factors of o?
2, 3, 499
Let w be 6/(-10) - 0 - 472/(-20). Let f = w + -21. Suppose -f*d + 162 = -d. What are the prime factors of d?
2, 3
Suppose 0 = -3*w - 3 + 18. Suppose n + 42 = -w*n. Let i(y) = -y**2 - 19*y - 23. List the prime factors of i(n).
61
Let m(v) = -350*v + 347. What are the prime factors of m(-27)?
97, 101
Let s(h) = 2*h - 3. Let v be s(4). Suppose 18155 + 13005 = 41*z. Suppose -v*n + z = -n. What are the prime factors of n?
2, 5, 19
Let v = 34940 - 30817. What are the prime factors of v?
7, 19, 31
Let y = 18029 + -1127. List the prime factors of y.
2, 3, 313
Suppose 3*p + 12 = 3*i - 3, 5*p - 47 = -4*i. Suppose i = 4*k - 12. What are the prime factors of 0/(k - 7) - -210?
2, 3, 5, 7
Let w(f) = -f**2 + 22*f + 134. Let l be w(-5). What are the prime factors of (l*5/2)/((-6)/1092)?
5, 7, 13
Suppose -3*y - 2*f - f = -162, -f = -5. What are the prime factors of y/((-81)/84 + 1)?
2, 7
Let u(w) = 12*w**2 + 14*w + 7. Let z be u(4). What are the prime factors of 323 - (-4 - -2) - z/85?
2, 7, 23
Suppose -44*m + 193028 = -274560. List the prime factors of m.
10627
Let z(i) be the first derivative of -13*i**2 - 2*i - 3. Let b(x) = -2*x**2 + 9*x - 14. Let r be b(2). List the prime factors of z(r).
2, 3, 17
Suppose 7*b = 11*b + d - 584, 0 = 2*d. What are the prime factors of (-6 + 4)/((-1)/b)?
2, 73
Let o be 21 - (-14)/21*(-18)/(-4). Let a(g) = 2470*g - 1. Let d be a(o). What are the prime factors of 4 + d/289 + 4/(-34)?
11, 19
Suppose -253920 = -3*a - 57*a. Let u = a - 2365. What are the prime factors of u?
1867
S